uppose h = -1, 3*t = -t - 3*h - 47. Suppose 2*p = g + g - 44, 3*g = -2*p - 59. Let o = t - p. What is the tens digit of o?
1
Let s = -45 + 67. What is the units digit of s?
2
Let o be 5*(18/(-15) + 2). Suppose 4 = -o*d - 4. What is the units digit of d*(-5 - -1 - -2)?
4
Let n be ((-8)/(16/(-4)))/1. Let p = -9 + 13. Suppose p*x + 21 = 5*h, n - 32 = -5*h - 5*x. What is the units digit of h?
5
Let f(q) = 5*q**3 + 14*q**2 + 9*q + 6. Let p(k) = -14*k**3 - 41*k**2 - 27*k - 18. Let c(d) = -11*f(d) - 4*p(d). What is the units digit of c(-9)?
6
Let i = 734 + -499. What is the tens digit of i?
3
Suppose 6 = g + 3. Suppose -2*q = -3*d + g*q + 73, -2*q = -d + 26. Let a = -9 + d. What is the units digit of a?
7
Let w be ((-4)/6)/((-1)/6). What is the units digit of w/(-7) + (-1548)/(-63)?
4
Let n(d) = -26*d - 2. What is the tens digit of n(-2)?
5
Let b = -569 + 800. What is the hundreds digit of b?
2
Suppose 7*d - d = 54. What is the units digit of d?
9
Suppose 4*s + p = 12 + 8, 5*s = -p + 25. Suppose 6*f - s = f. Let m = f + 7. What is the units digit of m?
8
Let y(u) = 14*u - 17. Let r be y(-7). Let f = -82 - r. What is the units digit of f?
3
Let v be -1 + (6 + -3 - 0). Suppose v*a - 36 = -4. What is the units digit of a?
6
Let n(z) = 185*z**3 - z**2 + 2. What is the tens digit of n(1)?
8
Suppose 0 = -t + 35 + 2. Suppose t = 5*r - 48. What is the tens digit of r?
1
Suppose 4*p + h = -0*h + 323, -3*p + 234 = -2*h. What is the tens digit of p?
8
What is the units digit of 145*((-54)/(-15) + -3)?
7
Let j = 8 + -6. Let u = j - -3. Suppose u*s - 39 = 2*s. What is the tens digit of s?
1
Suppose -17*y = -1238 - 1227. What is the hundreds digit of y?
1
Let x(y) = -12*y**3 + y**2 + y. Let p be x(-1). Let u be (-6)/(-4)*1*p. Suppose -t + u = t. What is the units digit of t?
9
Let s = -50 - -109. What is the units digit of s?
9
Suppose -94 = -2*k + 48. What is the tens digit of k?
7
What is the units digit of (-8)/6*(-90)/20?
6
Suppose -j + 4*k + 0*k = -40, 5*j - 3*k - 149 = 0. What is the tens digit of j?
2
Suppose 0 = -0*v + 2*v - 4. Suppose -v*o + 8 = -0. What is the units digit of o?
4
What is the tens digit of (-101)/(-3) - -2*(-4)/(-24)?
3
Let l(d) be the second derivative of -d**5/20 + d**4/2 + d**3/3 + d. What is the units digit of l(6)?
2
Let d(j) = -j**3 - 11*j**2 - 10*j + 10. Let p be d(-10). Let q = 2 + 2. What is the units digit of 26/p + q/10?
3
Suppose 1 = 2*h + 3*w, 2*h + 0*h - 2*w = 6. What is the tens digit of 22/6*6/h?
1
What is the units digit of (2/(-6))/((-9)/1161)?
3
Let a = 18 + -12. Suppose -v = -a*v + 15. What is the units digit of v?
3
Suppose -4*u + 3 = -u. Suppose -2*h + 13 - u = -2*y, 38 = 5*h - 3*y. Suppose -2*g + h + 6 = 0. What is the units digit of g?
8
Suppose -8*n + 9*n - 58 = 0. What is the tens digit of n?
5
Let w be 564/14 + (-2)/7. Let d = w - 23. What is the units digit of d?
7
Let r(s) = -22*s + 30. Let l(c) = -9*c + 12. Let m(j) = 12*l(j) - 5*r(j). Let a be m(5). Suppose -a = -k - 2. What is the units digit of k?
2
Let p(t) = 14*t**2 + t - 1. What is the units digit of p(1)?
4
Let m = -8 + 12. Suppose -3*d - 17 = -m*s, 4*d = 4*s - 5*s + 9. What is the units digit of s?
5
Let z(l) = 3*l - 8. What is the tens digit of z(12)?
2
What is the units digit of (18/24)/((-210)/(-104) + -2)?
9
Suppose 3*z + 3*h - 756 = 0, -3*z - 17*h + 12*h + 750 = 0. What is the hundreds digit of z?
2
Suppose -4*h + 70 = 2*c, c - 4*h = -4*c + 175. Let x = c + -20. What is the units digit of x?
5
Let o be ((-4)/3)/((-4)/12). Suppose 0 = o*t + 5*f - 86 + 18, -28 = -4*t + 5*f. Suppose -2*h = -h - t. What is the tens digit of h?
1
Suppose 0 = 5*r + 25, -2*r - 1065 = 3*q - 8*q. What is the hundreds digit of q?
2
Let h(u) be the third derivative of u**4/24 + u**2. Let o(t) = -3*t. Let d be o(-1). What is the units digit of h(d)?
3
Let o = 9 - 13. Let b be (18/8)/((-1)/o). Suppose 3 = 3*t - b. What is the units digit of t?
4
Let o = 31 - 5. What is the tens digit of o?
2
Suppose -3*z = 4*t + 857, -4*t - 224 = -3*t + 4*z. Let d = t - -126. What is the units digit of d/(-11) + 8/44?
8
Let r = 5 + -2. Let v be (-1)/(r/(-21) + 0). Suppose 3*j + i - v = 0, -3*j = -7*j + i. What is the units digit of j?
1
Let n(l) be the second derivative of l**4/12 - l**3/6 - 3*l**2/2 - 3*l. Let o be n(3). What is the units digit of 3/(o/11) - 2?
9
Let y be ((-2)/4)/((-1)/94). Let k = y - 22. Suppose 5*m = -5 + k. What is the units digit of m?
4
Let w(s) = -5*s - 1. Let c be w(-1). Suppose -t - c*t + 20 = 0. What is the units digit of t?
4
Let v be 4/2*(-3 - -1). What is the units digit of (-315)/(-12) - (-1)/v?
6
Let q(h) = 2*h**3 - 3*h**2 + 3*h. Let c be q(2). Let j(l) = -l**3 + 11*l**2 - 9*l - 11. Let x be j(c). What is the units digit of x/(-2 + (-14)/(-8))?
4
Let q(s) = 4*s**2 - 2*s - 3. Let x be (-10)/(-4)*(-48)/(-40). What is the tens digit of q(x)?
2
Suppose -7*u = -2*u + 5. Let w(r) = -2*r. Let o be w(u). Suppose -o*q = -5*q + c + 48, 56 = 4*q - 4*c. What is the units digit of q?
7
Let h = 14 - 9. Suppose -2*b - w - 40 = -3*b, -h*w = 3*b - 96. What is the tens digit of b?
3
Suppose -2*n = n. Let u = -11 + 15. Suppose -u = -b - n. What is the units digit of b?
4
Suppose 2*r - 3*k - 41 + 0 = 0, 3 = -k. What is the tens digit of r?
1
Suppose n = 69 - 25. Suppose -2*s - n = -0*v - v, 5*s = -v + 30. What is the units digit of v?
0
Suppose 2*k - 7*k - 41 = 3*p, 0 = -3*p - 6. Let a = k + 4. What is the units digit of 1/(-3) - 28/a?
9
What is the units digit of ((-1)/(-2))/(7/854)?
1
Let h be (-47)/(-9) + (-8)/36. Suppose 22 = 2*m - h*k + k, 2*k - 8 = 0. What is the tens digit of m?
1
Let n be 4 - -1*3/3. Let u = n - 7. What is the units digit of ((-1)/2)/(1/u)?
1
Let i = 4 - 3. Suppose 3*a = -4*x + 2*x + 24, 2*x + 8 = 5*a. What is the units digit of i*2/x*3?
1
Suppose i + 5*l = 111 - 27, -3*l - 313 = -4*i. What is the units digit of i?
9
Let v = 6 - 5. Let c be (0 - v)/(-7 + 6). What is the tens digit of 18/c + (-5 - -4)?
1
Let v(a) = 2 - a**2 - 5*a + 2 - 5. Let d be v(-5). What is the units digit of (-25)/10*2/d?
5
Let h = 111 - 32. What is the units digit of h?
9
Suppose -70 = -d - 3*d + 2*b, 2*d - 2*b = 38. What is the tens digit of d?
1
Suppose -2*n = -5*v + 17, 2*v - 5 - 5 = 4*n. Suppose -2*p - v*p = -15. What is the units digit of p?
3
Suppose -3*n + 8 = -2*p, 2*n + p = 3*p + 6. Suppose -4*g + 4*l + 25 = -3*g, -g = -n*l - 17. What is the units digit of g?
9
Suppose 0 = -4*w + 104 + 32. Suppose 5*c - w = 51. What is the tens digit of c?
1
Suppose 29 = w + 3*l, 3*w + l - 117 = -2*w. What is the tens digit of w?
2
Let f = -2 + 4. Let v(d) = 2 - d**3 - 3 + 2*d + 3 - 2*d**f. What is the units digit of v(-3)?
5
Suppose 0 = 3*b - 5*s - 59, -2*b + 25 = -3*s - 15. What is the units digit of b?
3
Suppose -5*v = -4*l - 4, -11 - 17 = 4*l + v. Let m be (-30)/8*(-16)/l. Let w = m - -16. What is the units digit of w?
6
Let u = 7 + -3. Suppose 7 = 2*l + t, 11 + 10 = u*l - 5*t. Suppose -l*v + 15 = v. What is the units digit of v?
3
What is the units digit of (-2)/(((-2)/6)/((-56)/(-48)))?
7
Let n(c) = -3*c + 5. What is the units digit of n(-9)?
2
Suppose -3*g + 2*g - 2*i + 131 = 0, -426 = -3*g + 5*i. What is the hundreds digit of g?
1
Let h(j) = 3*j**2 + 10*j - 24. What is the tens digit of h(-7)?
5
Let q(m) = m**2 - 2*m + 3. Let b be q(2). What is the units digit of 11/(b*3/9)?
1
Let b(d) = d**2 - 2*d - 3. Suppose 0 = k - 2*k + 4*s + 11, 0 = k + 5*s + 25. What is the units digit of b(k)?
2
Let i(h) = -h + 8. Let d(k) = k**2 - 3*k - 3. Let j be d(5). Let m be 80/14 + 2/j. What is the units digit of i(m)?
2
Suppose 7*a - 1200 = -269. What is the tens digit of a?
3
Let o(s) be the second derivative of -s**4/12 + 3*s**3/2 - 3*s**2 - 3*s. What is the units digit of o(7)?
8
Suppose -r - 1 = 4*f + 3, -3*f = -r + 10. Let o(i) = i + 7. Let x be o(-6). What is the units digit of (f/(-4))/(x/14)?
7
Let n be (0*(-3)/(-9))/1. Let f be 4/6*(n + 3). Suppose -k + f*k - 9 = -c, 55 = 3*k - 4*c. What is the tens digit of k?
1
Suppose 0 = 4*y + 212 - 12. Let d = y - -100. What is the units digit of d?
0
Suppose 0 = 5*f - 91 - 29. What is the tens digit of f?
2
Suppose -2*q - 3*q = -15. Let g(c) be the second derivative of -c**5/20 + c**4/4 + c**3/2 - 2*c**2 + 39*c. What is the units digit of g(q)?
5